{"id":17,"date":"2018-10-11T11:36:22","date_gmt":"2018-10-11T11:36:22","guid":{"rendered":"http:\/\/s756247379.online.de\/?page_id=17"},"modified":"2026-01-16T11:04:12","modified_gmt":"2026-01-16T11:04:12","slug":"startseite","status":"publish","type":"page","link":"https:\/\/juni-consult.de\/","title":{"rendered":"Einf\u00fchrung"},"content":{"rendered":"\n<div class=\"n module-type-text diyfeLiveArea \">\n<figure><img loading=\"lazy\" decoding=\"async\" class=\"aligncenter size-full wp-image-190\" src=\"https:\/\/juni-consult.de\/wp-content\/uploads\/2018\/10\/Firmensitz_2.jpg\" alt=\"\" width=\"866\" height=\"438\" srcset=\"https:\/\/juni-consult.de\/wp-content\/uploads\/2018\/10\/Firmensitz_2.jpg 866w, https:\/\/juni-consult.de\/wp-content\/uploads\/2018\/10\/Firmensitz_2-300x152.jpg 300w, https:\/\/juni-consult.de\/wp-content\/uploads\/2018\/10\/Firmensitz_2-768x388.jpg 768w\" sizes=\"auto, (max-width: 866px) 100vw, 866px\" \/><\/figure><p><\/p>\n<h2>Wissen ist gut &#8211; Erfahrungswissen ist besser<\/h2>\n<p>Erfahrungswissen ist Wissen, das aus dem eigenen Handeln und damit gelebter Erfahrung entsteht. Die aus Erfahrung gewonnenen Erkenntnisse erg\u00e4nzen das bereits vorhandene gelernte Wissen, indem es in der Praxis erlebte konkrete Tatsachen und Sachverhalte mit dem abstrakten Wissen in einen sinnvollen Erkenntniszusammenhang setzt.<\/p>\n<p>Deshalb:<\/p>\n<p>Guter Rat ist allemal besser, wenn er sich nicht nur auf abstraktes Wissen, sondern auch auf konkretes Erfahrungswissen gr\u00fcndet. Albert Einstein ging so weit, zu sagen:<\/p>\n<p align=\"center\"><strong>&nbsp;\u201e<em>Wissen ist Erfahrung, alles andere ist Information<\/em>\u201c.<\/strong><\/p>\n<p>Unsere Berater haben nahezu 40 Jahre lang eine \u00fcberregional und international t\u00e4tige Anwalts- und Notariatskanzlei gef\u00fchrt, die vornehmlich wirtschaftsrechtlich ausgerichtet war und sich \u00fcberwiegend auf die Vertretung kleiner und mittelst\u00e4ndiger Unternehmen&nbsp; (KMU) spezialisiert hatte. Diese T\u00e4tigkeit hat unseren Beratern tiefe Einblicke in die jeweils von der Kanzlei betreuten Unternehmen verschafft. Sie brachte es mit sich, dass ihr Rat neben der Rechtsberatung auch auf zahlreichen anderen Problemfeldern nachgesucht wurde. Als gute Wirtschaftsanw\u00e4lte waren sie deshalb immer zugleich auch Berater der Unternehmer und damit \u201eUnternehmensberater\u201c im besten Sinne. Schwerpunkt der anwaltlichen Beratung war dabei die Krisenbew\u00e4ltigung und die intelligente Probleml\u00f6sung; die Prozessvertretung trat dahinter zur\u00fcck.<\/p>\n<p>Unsere Berater haben sich nach dem Ende ihrer Anwaltst\u00e4tigkeit entschieden, die in den vier Jahrzehnten gewonnenen Erkenntnisse, das damit verbundene Wissen und ihr tiefes Verst\u00e4ndnis f\u00fcr Unternehmerprobleme weiter zu nutzen, um Unternehmer und Unternehmen \u00fcber die rein rechtlichen, insbesondere handelsrechtlichen, gesellschaftsrechtlichen oder arbeitsrechtlichen Probleme hinaus umfangreich wirtschaftlich zu beraten, ihnen zuzuarbeiten und f\u00fcr sie t\u00e4tig zu werden.<\/p>\n<p>Somit sind wir heute in erster Linie: <strong>Probleml\u00f6ser<\/strong> und <strong>Krisenmanager<\/strong>!<\/p>\n<p>Niemand wei\u00df alles! Deswegen haben unsere Berater in den Jahren ihrer T\u00e4tigkeit ein Netzwerk aus kompetenten Beratern anderer Sachgebiete aufgebaut; dazu geh\u00f6ren spezialisierte Rechtsanw\u00e4lte, Steuerberater, Wirtschaftspr\u00fcfer, Finanzberater, Verm\u00f6gensverwalter, Versicherungsspezialisten, Werbe- und IT-Fachleute, Gutachter, Immobilienmakler, Kunstsachverst\u00e4ndige und andere \u2013 alle erprobt, erfahren und zuverl\u00e4ssig in der Zusammenarbeit.<\/p>\n<p style=\"text-align: center;\"><strong>JUN<\/strong><strong>.<\/strong><strong>i-Consult<\/strong>,<\/p>\n<p>das Beraternetzwerk der <strong>JUN.i Institut f\u00fcr Jagd Umwelt und Naturschutz GmbH<\/strong> , bietet Ihnen somit eine besondere Art der Unternehmensberatung &#8211; ma\u00dfgeschneidert auf Sie und Ihr Unternehmen, kompetent, pr\u00e4zise, schnell und kosteng\u00fcnstig.<\/p>\n<p><a href=\"http:\/\/www.jagdrechtsblog.com\">http:\/\/www.jagdrechtsblog.com<\/a><\/p>\n<p><strong>N\u00e4heres erfahren Sie auf der Seite \u201eUnsere Leistungen\u201c.<\/strong><\/p>\n<\/div>\n","protected":false},"excerpt":{"rendered":"<p>Wissen ist gut &#8211; Erfahrungswissen ist besser Erfahrungswissen ist Wissen, das aus dem eigenen Handeln und damit gelebter Erfahrung entsteht.<\/p>\n","protected":false},"author":1,"featured_media":0,"parent":0,"menu_order":1,"comment_status":"closed","ping_status":"closed","template":"","meta":{"colormag_page_container_layout":"default_layout","colormag_page_sidebar_layout":"default_layout","footnotes":""},"class_list":["post-17","page","type-page","status-publish","hentry"],"_links":{"self":[{"href":"https:\/\/juni-consult.de\/index.php?rest_route=\/wp\/v2\/pages\/17","targetHints":{"allow":["GET"]}}],"collection":[{"href":"https:\/\/juni-consult.de\/index.php?rest_route=\/wp\/v2\/pages"}],"about":[{"href":"https:\/\/juni-consult.de\/index.php?rest_route=\/wp\/v2\/types\/page"}],"author":[{"embeddable":true,"href":"https:\/\/juni-consult.de\/index.php?rest_route=\/wp\/v2\/users\/1"}],"replies":[{"embeddable":true,"href":"https:\/\/juni-consult.de\/index.php?rest_route=%2Fwp%2Fv2%2Fcomments&post=17"}],"version-history":[{"count":13,"href":"https:\/\/juni-consult.de\/index.php?rest_route=\/wp\/v2\/pages\/17\/revisions"}],"predecessor-version":[{"id":709,"href":"https:\/\/juni-consult.de\/index.php?rest_route=\/wp\/v2\/pages\/17\/revisions\/709"}],"wp:attachment":[{"href":"https:\/\/juni-consult.de\/index.php?rest_route=%2Fwp%2Fv2%2Fmedia&parent=17"}],"curies":[{"name":"wp","href":"https:\/\/api.w.org\/{rel}","templated":true}]}}